t i(k) = -k**3 - 10*k**2 + 18*k - 91. Determine i(-12).
-19
Let m(x) = -760*x - 5320. Determine m(-7).
0
Let h(j) = 45*j - 846. Determine h(19).
9
Let s(r) = -128*r + 802. What is s(9)?
-350
Let t(p) = p**2 + 444*p - 13227. Determine t(28).
-11
Let i(z) = -15*z**2 - 225*z + 46. What is i(-16)?
-194
Let o(m) = -2*m**3 + 22*m**2 + 203*m - 2. Give o(17).
-19
Let q(u) = -3*u**2 - 15*u + 6. What is q(-6)?
-12
Let t(r) = -4*r**2 - r - 3. What is t(7)?
-206
Let m(d) = -2*d**3 - 10*d**2 - 11*d - 10. What is m(-4)?
2
Let v(l) = -3*l**2 - 49*l - 35. What is v(-17)?
-69
Let s(v) = 6*v**3 + 7*v**2 + 40*v + 2. Determine s(-4).
-430
Let q(v) = v**3 + 58*v**2 + 367*v + 73. Determine q(-7).
3
Let s(p) = 773*p + 1562. Calculate s(-2).
16
Let m(w) = 189*w - 777. Calculate m(4).
-21
Let h(r) = r**2 - 36*r - 48. Calculate h(36).
-48
Let g(p) = -30*p**2 + 112*p + 25. Determine g(4).
-7
Let v(s) = -5*s**2 - 158*s + 509. Give v(-35).
-86
Let y(h) = h**2 - 90*h + 1610. Calculate y(25).
-15
Let m(y) = y**2 + 23*y - 115. Determine m(-27).
-7
Let u(m) = -24*m + 37. Calculate u(3).
-35
Let o(r) = 6327*r - 6334. Give o(1).
-7
Let w(n) = -n**2 - 44*n + 126. Determine w(-43).
169
Let d(i) = -103*i - 2264. Determine d(-22).
2
Let d(x) = -40*x - 46. What is d(5)?
-246
Let q(y) = 12*y**3 - 3*y**2 + 60*y - 252. Give q(4).
708
Let n(q) = 4*q**2 + 574*q + 5837. What is n(-11)?
7
Let t(k) = 3*k**3 + 261*k**2 + 253*k - 433. What is t(-86)?
-3
Let n(w) = -w**2 + 14*w - 41. Calculate n(6).
7
Let z(o) = -4*o**2 + 209*o + 2358. Calculate z(62).
-60
Let f(a) = -a**3 - 19*a**2 - 92*a - 470. Give f(-15).
10
Let d(c) = 5*c**2 + 17*c - 16. What is d(1)?
6
Let l(b) = b**2 + 18*b - 502. Determine l(14).
-54
Let k(n) = n**2 + 5*n - 40. Determine k(-9).
-4
Let n(u) = 10*u - 1141. Give n(113).
-11
Let j(n) = -6*n**2 - 41*n - 68. What is j(-2)?
-10
Let s(c) = 385*c + 9293. Determine s(-24).
53
Let b(a) = 10293*a - 51464. What is b(5)?
1
Let w(b) = 2*b**2 - 161*b + 270. Give w(79).
33
Let g(t) = 90*t + 3046. Give g(-34).
-14
Let n(t) = -24*t - 905. Give n(-24).
-329
Let v(d) = -1938*d - 15512. Determine v(-8).
-8
Let l(i) = 3*i**3 - 76*i + 6. What is l(5)?
1
Let a(j) = j**3 + 37*j**2 - 85*j - 1535. Calculate a(-38).
251
Let q(h) = -512*h + 94. What is q(1)?
-418
Let s(x) = -x**2 - 23*x + 35. What is s(-25)?
-15
Let b(g) = -13*g + 199. What is b(5)?
134
Let p(n) = -2517*n - 13. Give p(0).
-13
Let s(k) = -3*k**2 + 63*k - 65. Determine s(20).
-5
Let b(g) = -g**3 - 5*g**2 + 8*g + 60. Calculate b(-5).
20
Let w(f) = -f**2 + 33*f + 168. Determine w(37).
20
Let w(t) = -t**3 + 17*t**2 + 47*t - 10. Calculate w(7).
809
Let p(a) = -2*a**3 + 14*a**2 + 10*a + 65. Determine p(8).
17
Let k(j) = -j**3 + 63*j**2 - 10*j + 611. What is k(63)?
-19
Let m(t) = -77*t**2 - 912*t + 139. Determine m(-12).
-5
Let l(k) = -167*k + 20536. Calculate l(123).
-5
Let y(i) = -i**3 - 2*i**2 - 45*i - 148. What is y(-3)?
-4
Let q(a) = -a**2 - 36*a + 236. Determine q(8).
-116
Let s(w) = 18*w**2 - 18*w + 6. What is s(0)?
6
Let t(y) = y**2 + 19*y + 93. Determine t(-12).
9
Let f(q) = 253*q + 50. Calculate f(2).
556
Let c(u) = -2*u**3 + 115*u**2 + 178*u - 65. Calculate c(59).
-6
Let t(l) = -242*l - 28078. Determine t(-116).
-6
Let w(i) = -1414*i - 5658. Calculate w(-4).
-2
Let f(w) = w**3 - 60*w**2 + 178*w - 401. Calculate f(57).
-2
Let n(j) = 4713*j - 37713. Give n(8).
-9
Let i(b) = 4779*b + 47787. What is i(-10)?
-3
Let p(h) = -h**3 + 3*h**2 + 35*h - 12. Calculate p(7).
37
Let a(f) = 2*f**3 + 15*f**2 - 2376*f - 349. Determine a(31).
-8
Let d(k) = k**3 + 14*k**2 + 25*k + 190. Determine d(-13).
34
Let c(n) = -n**2 - 321*n + 2615. Determine c(8).
-17
Let m(d) = -469*d**3 - 5*d**2 + 5*d - 1. What is m(1)?
-470
Let v(g) = 10*g**2 + 47*g - 19. Give v(-6).
59
Let y(l) = 17*l**2 - 760*l + 1249. Give y(43).
2
Let z(b) = 2*b**2 - 18*b - 63. Give z(17).
209
Let b(h) = 28*h**3 - h**2 + 48*h - 47. Calculate b(1).
28
Let v(s) = -s**3 - s**2 - s - 2. Calculate v(-2).
4
Let u(n) = n**3 + 44*n**2 - 91*n + 85. What is u(-46)?
39
Let o(p) = -11*p + 447. What is o(43)?
-26
Let v(k) = 30*k**2 + 11*k + 13. Calculate v(-3).
250
Let a(g) = 3*g**3 + 46*g**2 - 115*g - 1332. Determine a(-16).
-4
Let b(x) = 5*x**2 - 40*x + 49. Give b(9).
94
Let s(o) = -o**3 - 62*o**2 + 790*o - 957. Calculate s(-73).
-8
Let x(o) = -o**2 + 58*o + 6273. Determine x(-55).
58
Let m(y) = -y**2 + 126*y + 2610. Give m(144).
18
Let o(s) = 128*s**2 + 4227*s + 101. What is o(-33)?
2
Let q(v) = -102*v - 1407. What is q(-15)?
123
Let o(y) = 284*y + 5399. Give o(-19).
3
Let f(i) = 81*i - 1708. What is f(21)?
-7
Let w(a) = -a - 58. What is w(-56)?
-2
Let x(p) = 44*p - 77. Determine x(3).
55
Let z(g) = 688*g - 1408. Give z(2).
-32
Let i(t) = -3*t**2 - 37*t + 536. Give i(-21).
-10
Let p(m) = -111*m + 2451. Determine p(22).
9
Let a(t) = -t**3 + 21*t**2 - 84*t + 1222. What is a(20)?
-58
Let v(o) = o**3 - 31*o**2 - 228*o - 46. Calculate v(-6).
-10
Let g(n) = n**3 - 34*n**2 + 192*n - 77. What is g(27)?
4
Let q(m) = -73*m - 1992. Give q(-24).
-240
Let p(t) = -8*t**3 - 1910*t**2 + 486*t + 1921. Calculate p(-239).
9
Let a(h) = -4*h**2 + 139*h - 1049. What is a(11)?
-4
Let k(j) = 412*j - 60556. Determine k(147).
8
Let a(i) = i**2 + 86*i - 1636. Calculate a(-102).
-4
Let y(w) = -4*w**2 - 73*w - 95. Calculate y(-17).
-10
Let m(l) = l**3 + 17*l**2 - 34*l - 5. What is m(-19)?
-81
Let m(d) = 9*d**2 + 112*d + 29. Give m(-12).
-19
Let c(r) = -27*r - 1118. What is c(-26)?
-416
Let t(v) = 161*v**2 + 26724*v - 329. What is t(-166)?
3
Let f(z) = -14*z + 214. Give f(15).
4
Let f(j) = -77*j**3 - 2*j**2 + 22*j - 20. Give f(1).
-77
Let m(k) = -140*k - 5187. Calculate m(-37).
-7
Let s(y) = 73*y - 3073. Determine s(42).
-7
Let j(h) = -h**3 - 12*h**2 + 13*h - 4. What is j(-13)?
-4
Let n(g) = g**3 - 33*g**2 - 37*g + 90. Calculate n(34).
-12
Let k(r) = r**3 + 5*r**2 + 1325*r + 3977. Determine k(-3).
20
Let a(g) = 11*g**2 - 437*g + 3221. Determine a(30).
11
Let q(f) = -717*f - 19366. Determine q(-27).
-7
Let d(k) = 34*k + 477. Calculate d(-12).
69
Let n(u) = -168*u - 6815. Calculate n(-40).
-95
Let i(s) = -4173*s - 33392. What is i(-8)?
-8
Let h(i) = -7*i**2 - 187*i + 14. Give h(-27).
-40
Let f(d) = 11*d**3 + 2. Calculate f(-2).
-86
Let y(g) = -3*g**3 - 43*g**2 + 129*g - 121. Calculate y(-17).
-2
Let y(q) = 4*q**2 - 17*q + 4. Give y(1).
-9
Let o(p) = -p**3 - 10*p**2 - 29*p - 105. What is o(-8)?
-1
Let r(q) = 97*q + 264. What is r(-4)?
-124
Let w(y) = 2*y**2 - 97*y - 64. Calculate w(44).
-460
Let g(w) = -86*w - 9217. What is g(-108)?
71
Let w(q) = -2*q**3 + 10*q**2 - 15*q + 26. Calculate w(6).
-136
Let u(f) = f**3 + 11*f**2 + 28*f + 24. What is u(-8)?
-8
Let i(k) = -10*k + 235. Determine i(29).
-55
Let m(d) = 2*d**3 + 7*d**2 - 131*d - 14. Give m(-10).
-4
Let t(s) = 7*s + 209. What is t(-33)?
-22
Let b(u) = -9*u + 149. Determine b(16).
5
Let v(z) = z**3 - 4*z**2 - 11*z + 66. What is v(5)?
36
Let y(v) = 2*v**2 - 126*v + 873. What is y(55)?
-7
Let t(r) = -224*r**2 - 200*r. Determine t(-1).
-24
Let y(m) = -6*m**3 + 33*m**2 - 89*m - 10. What is y(3)?
-142
Let l(v) = -9*v + 256. What is l(29)?
-5
Let k(g) = 10*g**3 - 7*g**2 - 2*g + 2. Give k(-1).
-13
Let g(j) = j**2 + 1606*j - 60802. Calculate g(37).
-11
Let w(o) = -19*o**2 + 18*o - 49. Calculate w(3).
-166
Let n(g) = 17*g - 424. What is n(14)?
-186
Let v(h) = 95*h - 657. Calculate v(3).
-372
Let s(a) = -316*a**2 - 703*a - 703. Determine s(-1).
-316
Let h(c) = 60*c - 3305. What is h(55)?
-5
Let p(f) = 5*f**3 + 607*f**2 + 241*f - 150. What is p(-121)?
-29
Let y(s) = 1186*s + 8307. Determine y(-7).
5
Let m(x) = -x**3 + 2*x**2 - 73*x - 19. What is m(0)?
-19
Let s(d) = -d**3 + 18*d**2 + 20*d + 6. What is s(19)?
25
Let r(n) = -40*n + 350. Calculate r(9).
-10
Let g(o) = -3*o**2 - 61*o + 35. Give g(-20).
55
Let o(l) = -273*l + 821. Determine o(3).
2
Let k(j) = 229*j + 7091. Determine k(-31).
-8
Let y(h) = -3*h**2 + 286*h - 550. Determine y(2).
10
Let i(v) = 7*v**2 - 87*v + 20. Determine i(9).
-196
Let x(u) = 2*u**3 + 13*u**2 + 4*u + 14. What is x(-7)?
-63
Let p(n) = 7*n**2 - 10*n + 36. Calculate p(0).
36
Let k(d) = -d**2 + 116*d + 4136. What is k(-29)?
-69
Let p(v) = -80*v**2 - 15*v. Calculate p(-1).
-65
Let m(n) = -n**3 + 18*n**2 + 21*n + 39. Determine m(19).
77
Let p(h) = -h**3 + h**2